s 340 divide 4024422?
False
Is 5 a factor of 86845?
True
Does 24 divide 1361808?
True
Does 14 divide 144071?
False
Is 290 a factor of 1994133?
False
Does 86 divide 1001006?
False
Does 43 divide 77615?
True
Is 592 a factor of 4259440?
True
Does 28 divide 9016?
True
Is 1229013 a multiple of 90?
False
Does 32 divide 33374?
False
Does 32 divide 321536?
True
Is 14 a factor of 903055?
False
Does 129 divide 304053?
True
Is 23353 even?
False
Is 869085 a multiple of 132?
False
Is 194 a factor of 444260?
True
Is 106287 a multiple of 71?
True
Is 422674 a multiple of 133?
True
Is 69 a factor of 1457970?
True
Does 419 divide 1309911?
False
Does 9 divide 34362?
True
Does 36 divide 4702788?
True
Is 25 a factor of 613725?
True
Does 153 divide 5633766?
True
Does 519 divide 383802?
False
Is 17 a factor of 69947?
False
Does 13 divide 6703411?
True
Is 93 a factor of 845676?
False
Is 17693891 a multiple of 889?
False
Does 652 divide 584192?
True
Is 490012 a multiple of 16?
False
Does 13 divide 2431455?
True
Does 795 divide 2862000?
True
Is 165 a factor of 141735?
True
Is 13 a factor of 1289990?
True
Does 383 divide 593650?
True
Is 162 a factor of 92159?
False
Is 6665400 a multiple of 138?
True
Does 57 divide 21739?
False
Is 379 a factor of 3926867?
False
Does 134 divide 2036666?
True
Does 89 divide 624011?
False
Is 15 a factor of 688320?
True
Does 223 divide 6391221?
False
Is 370 a factor of 725287?
False
Does 332 divide 201856?
True
Does 51 divide 10818954?
False
Does 247 divide 112632?
True
Is 6 a factor of 68455?
False
Is 1980645 a multiple of 49?
False
Is 20 a factor of 251281?
False
Is 512833 a multiple of 3?
False
Does 15 divide 4382473?
False
Is 2765007 a multiple of 7?
True
Is 4598231 a multiple of 131?
True
Is 6 a factor of 290496?
True
Is 693060 a multiple of 20?
True
Does 540 divide 7977420?
True
Does 70 divide 43885?
False
Is 92536 a multiple of 43?
True
Does 161 divide 5152?
True
Is 81439 a multiple of 3?
False
Is 2230271 a multiple of 463?
True
Is 11845 a multiple of 23?
True
Does 176 divide 20872130?
False
Is 186 a factor of 60078?
True
Is 96 a factor of 238848?
True
Does 68 divide 615672?
True
Does 420 divide 69720?
True
Is 746 a factor of 697510?
True
Is 356 a factor of 423340?
False
Does 3 divide 353268?
True
Does 163 divide 129748?
True
Does 60 divide 178530?
False
Does 29 divide 2818452?
True
Is 224 a factor of 226310?
False
Is 130 a factor of 121056?
False
Is 10 a factor of 454140?
True
Does 33 divide 1019469?
True
Is 70675 even?
False
Is 347109 a multiple of 30?
False
Does 71 divide 2192469?
False
Is 6 a factor of 111948?
True
Is 1925498 a multiple of 22?
False
Is 92 a factor of 23335257?
False
Does 158 divide 3714730?
False
Is 123 a factor of 4690790?
False
Is 800985 a multiple of 43?
False
Is 1386 a factor of 17535672?
True
Is 64 a factor of 70827?
False
Is 589896 a multiple of 8?
True
Is 8 a factor of 12844?
False
Does 18 divide 336456?
True
Is 867090 a multiple of 6?
True
Does 39 divide 113373?
True
Does 49 divide 651213?
False
Is 1855606 a multiple of 207?
False
Is 48 a factor of 625868?
False
Is 433070 a multiple of 217?
False
Is 23 a factor of 11536948?
False
Is 237 a factor of 358579?
False
Does 2 divide 167104?
True
Is 97 a factor of 21102124?
False
Does 15 divide 383205?
True
Does 162 divide 268765?
False
Does 59 divide 96583?
True
Is 6 a factor of 156046?
False
Does 207 divide 254610?
True
Is 8065344 a multiple of 12?
True
Is 102 a factor of 949906?
False
Is 6 a factor of 167952?
True
Is 70197 a multiple of 15?
False
Is 107487 a multiple of 81?
True
Is 61 a factor of 225170?
False
Is 494 a factor of 90402?
True
Is 11 a factor of 176912?
False
Does 12 divide 490611?
False
Does 38 divide 4646298?
True
Does 29 divide 3401059?
False
Is 223470 a multiple of 26?
True
Is 1051672 a multiple of 4?
True
Does 2 divide 8388?
True
Is 295731 a multiple of 243?
True
Does 625 divide 51875?
True
Does 3 divide 228568?
False
Is 91 a factor of 2189433?
False
Is 1212336 a multiple of 786?
False
Does 193 divide 9617190?
True
Does 22 divide 312565?
False
Is 804570 a multiple of 7?
False
Does 17 divide 16100404?
False
Is 232 a factor of 639622?
False
Is 645696 a multiple of 472?
True
Does 624 divide 236816?
False
Is 16 a factor of 5768857?
False
Is 128805 a multiple of 239?
False
Does 139 divide 144421?
True
Does 453 divide 8107218?
False
Is 12 a factor of 66150?
False
Is 75 a factor of 3044250?
True
Is 80696 a multiple of 11?
True
Is 134 a factor of 80132?
True
Does 1097 divide 1943551?
False
Is 36 a factor of 350352?
True
Does 12 divide 2565708?
True
Is 42 a factor of 8008350?
True
Does 914 divide 5861482?
True
Is 93 a factor of 581436?
True
Is 42 a factor of 315961?
False
Is 208448 a multiple of 32?
True
Is 21 a factor of 397157?
False
Is 909 a factor of 1251693?
True
Is 301 a factor of 386740?
False
Does 21 divide 8568?
True
Is 299868 a multiple of 41?
False
Is 37 a factor of 419321?
True
Is 317 a factor of 5098582?
False
Does 112 divide 997348?
False
Does 13 divide 1063454?
False
Is 100982 a multiple of 42?
False
Does 481 divide 2497352?
True
Is 607 a factor of 12333871?
False
Does 40 divide 524339?
False
Is 12894207 a multiple of 40?
False
Is 113420 a multiple of 90?
False
Does 238 divide 212296?
True
Is 2635860 a multiple of 4?
True
Does 62 divide 8044748?
True
Is 14 a factor of 2327626?
True
Is 22 a factor of 4338752?
True
Is 90160 a multiple of 70?
True
Is 872821 a multiple of 126?
False
Is 1215864 a multiple of 72?
True
Is 1159 a factor of 2533861?
False
Does 2 divide 375414?
True
Does 72 divide 764856?
True
Does 82 divide 424104?
True
Is 32 a factor of 1040726?
False
Is 303 a factor of 29725814?
False
Is 167796 a multiple of 177?
True
Does 51 divide 177379?
False
Is 171225 a multiple of 5?
True
Is 12 a factor of 19262004?
True
Does 86 divide 136052?
True
Is 84 a factor of 1542408?
True
Is 751704 a multiple of 16?
False
Is 108035 a multiple of 5?
True
Is 13627447 a multiple of 44?
False
Does 69 divide 7510995?
True
Is 140533 a multiple of 54?
False
Is 15482760 a multiple of 24?
True
Does 6 divide 138552?
True
Is 10669180 a multiple of 22?
False
Does 6 divide 44033?
False
Does 54 divide 1128924?
True
Is 14 a factor of 202580?
True
Is 104 a factor of 406886?
False
Does 13 divide 166231?
True
Is 774 a factor of 384630?
False
Does 15 divide 593145?
True
Is 682481 a multiple of 189?
False
Is 60468 a multiple of 409?
False
Is 68 a factor of 1542103?
False
Is 24 a factor of 612936?
True
Does 151 divide 552766?
False
Does 974 divide 8902360?
True
Does 12 divide 1336164?
True
Does 470 divide 188677?
False
Does 10 divide 40770?
True
Is 341000 a multiple of 51?
False
Is 50 a factor of 105068?
False
Is 3539427 a multiple of 193?
True
Is 556002 a multiple of 3?
True
Is 199490 a multiple of 3?
False
Is 20 a factor of 4341?
False
Is 400 a factor of 240400?
True
Does 214 divide 881252?
True
Is 40 a factor of 290931?
False
Does 25 divide 1380825?
True
Is 397 a factor of 8924190?
False
Is 138 a factor of 39323?
False
Does 7 divide 313068?
True
Is 5 a factor of 1140?
True
Does 19 divide 16845?
False
Is 2328564 a multiple of 7?
True
Is 65086 a multiple of 14?
True
Is 102 a factor of 318036?
True
Is 14 a factor of 9252096?
True
Is 215203 a multiple of 31?
False
Is 1064 a factor of 8115128?
True
Is 74 a factor of 800817?
False
Is 42 a factor of 1471596?
True
Is 15619680 a multiple of 40?
True
Is 721203 a multiple of 243?
False
Is 6273760 a multiple of 565?
True
Is 117580 a multiple of 35?
False
Is 270570 a multiple of 87?
True
Is 278652 a multiple of 33?
True
Does 16 divide 26256?
True
Is 35 a factor of 177181?
False
Does 29 divide 3970990?
False
Is 490 a factor of 8443190?
True
Does 350 divide 89250?
True
Is 317856 a multiple of 86?
True
Is 1704255 a multiple of 31?
False
Is 59 a factor of 147618?
True
Does 340 divide 132724?
False
Is 36 a factor of 34200?
True
Is 19476446 a multiple of 57?
False
Is 68 a factor of 2597260?
True
Is 4944240 a multiple of 270?
True
Is 94 a factor of 6580?
True
Is 451 a factor of 2644894?
False
Is 4 a factor of 1216012?
True
Is 16 a factor of 1293445?
False
Is 14746 a multiple of 74?
False
Is 107726 a multiple of 122?
True
Is 5231060 a multiple of 74?
True
Is 205 a factor of 73390?
True
Is 27045 a multiple of 15?
True
Is 564922 a m